 what is 1011101000011010 - 1010100?
1011100111000110
In base 2, what is -11001000100011 + 1010000111?
-10111110011100
In base 2, what is -10000000101110 - -10101100?
-1111110000010
In base 6, what is -410 + -2131550?
-2132400
In base 7, what is -342262105 + 4?
-342262101
In base 5, what is 10 + 11432102412?
11432102422
In base 14, what is d2a9 + -c98?
c411
In base 10, what is 220 - -125029?
125249
In base 3, what is 1002121 - 10222210?
-2220012
In base 12, what is -77b4751b + 5?
-77b47516
In base 16, what is 8b7ac50 + -5?
8b7ac4b
In base 6, what is -31234000 + 45?
-31233511
In base 12, what is -291b369 - -4?
-291b365
In base 2, what is 101011000001000011001 - -1111010?
101011000001010010011
In base 12, what is 97b - a09b?
-9320
In base 13, what is -148566 - -2?
-148564
In base 3, what is -2001000122 - 10122122?
-2011200021
In base 16, what is -e4fd18 + 1?
-e4fd17
In base 11, what is -1564 - 23?
-1587
In base 6, what is 5004350000 - -5?
5004350005
In base 9, what is -187046 - -56?
-186880
In base 10, what is 392 - -637651?
638043
In base 16, what is -1ef0 + 35?
-1ebb
In base 5, what is -212343314 - -4?
-212343310
In base 16, what is 4 + 84d269?
84d26d
In base 15, what is 55026ce + -3?
55026cb
In base 10, what is 3 - 18189424?
-18189421
In base 10, what is -218316 + -238?
-218554
In base 12, what is -71185a6 - -1?
-71185a5
In base 3, what is 1 + 101212121021100002?
101212121021100010
In base 10, what is -252 - -235517?
235265
In base 15, what is -77b - 355c?
-3cd8
In base 11, what is 14556 - -27480?
40a26
In base 11, what is 14742 + -2023?
1271a
In base 13, what is 23a42 - 4bb?
23554
In base 10, what is 202647 - -3?
202650
In base 12, what is -5 + 276697?
276692
In base 3, what is 221112221002002 + 10?
221112221002012
In base 13, what is 1 - 359965?
-359964
In base 15, what is -1a7717e + d?
-1a77171
In base 16, what is -4f9f3555 + 2?
-4f9f3553
In base 2, what is -1101111001011000010 + 1010001110?
-1101111000000110100
In base 6, what is -34 + 1152033?
1151555
In base 5, what is 4 + 1203210021?
1203210030
In base 4, what is 12033 + 200233311?
200312010
In base 12, what is 22b45 + 484?
23409
In base 15, what is 4 + 1091cac6?
1091caca
In base 5, what is 44024214 - 324?
44023340
In base 7, what is 450633256 - 2?
450633254
In base 7, what is 4 + -205026110?
-205026103
In base 7, what is -1204231466 + -1?
-1204231500
In base 15, what is 4151 - -241?
4392
In base 12, what is -4 - 22685946?
-2268594a
In base 4, what is -21302 + -11100022203?
-11100110111
In base 15, what is -6c - 2cb64?
-2cbd1
In base 2, what is -1111101000111111 + 100001011001?
-1111000111100110
In base 13, what is -1 - 402ab44?
-402ab45
In base 5, what is -3 + -440043044?
-440043102
In base 5, what is 13311 - 1321042?
-1302231
In base 2, what is -1001010000 - -1111011011111?
1110010001111
In base 13, what is a69751 - 1?
a69750
In base 14, what is -a + -5dd6ba?
-5dd6c6
In base 9, what is -22023 + 843?
-21070
In base 15, what is -b9713 + -16e?
-b9882
In base 3, what is -200021001121 + 1121211?
-200012102210
In base 6, what is -1 + 42550204?
42550203
In base 7, what is 11 + 2133216002?
2133216013
In base 14, what is 1410cd44 + 1?
1410cd45
In base 5, what is 42003434441 - -3?
42003434444
In base 8, what is 653 - 2040754?
-2040101
In base 3, what is -2110111200 + -22?
-2110111222
In base 15, what is 837 + 1ae6?
242d
In base 15, what is 1c3 - 265c?
-2489
In base 2, what is 111101001 + -10100000010111?
-10011000101110
In base 3, what is 200000120 - -201020002?
1101020122
In base 9, what is -516 - -77104?
76477
In base 7, what is 31 - -15546?
15610
In base 12, what is b120 - 1b85?
9157
In base 11, what is -725141 - -91?
-725060
In base 2, what is -11011100011101 + 100101011?
-11010111110010
In base 3, what is -12022101102 + 21?
-12022101011
In base 9, what is 113046 + 210?
113256
In base 15, what is 3 - 38b3a8?
-38b3a5
In base 6, what is -140342055 + -224?
-140342323
In base 5, what is 444210111 - -331?
444210442
In base 11, what is 1285933 - -13?
1285946
In base 7, what is -33313 - -2006?
-31304
In base 6, what is 12 - -1332514351?
1332514403
In base 11, what is -183345314 + -5?
-183345319
In base 15, what is 3 + 16378504?
16378507
In base 4, what is 130020 - 101303133?
-101113113
In base 7, what is -1 - -213364641?
213364640
In base 12, what is b993 + 213?
bba6
In base 11, what is -36 - -819a3?
81968
In base 8, what is 1502 + -24344?
-22642
In base 8, what is -15627004 + 3?
-15627001
In base 9, what is -3 + -16266034?
-16266037
In base 11, what is 24 + -4974408?
-4974394
In base 14, what is 649 + -15c0dd?
-15b894
In base 2, what is 100 + -11010111001110011111101?
-11010111001110011111001
In base 5, what is -10140032010 - -1?
-10140032004
In base 11, what is -25557 + a05?
-24652
In base 4, what is 121111331203 - -10?
121111331213
In base 6, what is -33 + 40423430?
40423353
In base 5, what is 2 - -2433321321?
2433321323
In base 16, what is -ce - 1874cd?
-18759b
In base 4, what is 311 - 11020013020?
-11020012103
In base 9, what is -28604 - -1605?
-26888
In base 16, what is 1f96 + -169e?
8f8
In base 3, what is -110210 - 12102012110?
-12102200020
In base 2, what is -1101110011 - 10000100010001111?
-10000110000000010
In base 9, what is 12086 - -637?
12734
In base 11, what is -5339 - -a09?
-4430
In base 3, what is -20111 - 121201121?
-121222002
In base 11, what is 1 + 134236?
134237
In base 8, what is -74411261 - 1?
-74411262
In base 10, what is -978 - -590800?
589822
In base 10, what is 866 - -34386?
35252
In base 2, what is -1000 + -11010000001010110110010001?
-11010000001010110110011001
In base 9, what is -17671335 + 3?
-17671332
In base 11, what is 16a0 + -68397?
-667a7
In base 5, what is -22401220 + 11?
-22401204
In base 11, what is -33 + 4838a9?
483876
In base 12, what is -2ab7a - -9457?
-21723
In base 5, what is -2214340 - -1032414?
-1131421
In base 12, what is 65061271 + -3?
6506126a
In base 13, what is -4127 + 89a?
-355a
In base 13, what is -1 - 88c446?
-88c447
In base 10, what is -18472425 + -10?
-18472435
In base 9, what is -18224 - -2161?
-16053
In base 5, what is 10 + 11344431342?
11344431402
In base 11, what is 1a0007 + -13?
19aaa4
In base 12, what is 3 + 834421?
834424
In base 11, what is 95300 - 1?
952aa
In base 8, what is -52237510 + 12?
-52237476
In base 15, what is 4270961 + 5?
4270966
In base 9, what is 214 + -266668?
-266454
In base 16, what is d01a5c + -2?
d01a5a
In base 15, what is -1 - 1c2dda0?
-1c2dda1
In base 5, what is 1003102 + -13044?
440003
In base 7, what is 3 + 160423141?
160423144
In base 5, what is 241212114 - 324?
241211240
In base 16, what is 23bdcde - 11?
23bdccd
In base 12, what is 348a + 52b?
39b9
In base 16, what is 19e + 13522?
136c0
In base 8, what is 47 - -21227052?
21227121
In base 15, what is 1a397a - -1?
1a397b
In base 2, what is 11001111110001111010000 - -11101?
11001111110001111101101
In base 5, what is 1 + -12440040044?
-12440040043
In base 10, what is -235 - 498492?
-498727
In base 9, what is -145 - 133238?
-133384
In base 12, what is -5 + 3b9b02?
3b9ab9
In base 15, what is 97eeaa - -1?
97eeab
In base 16, what is -23 + -61fd?
-6220
In base 9, what is -15174 + 1767?
-13306
In base 6, what is 100313 + 2045012?
2145325
In base 7, what is 350041320 - -3?
350041323
In base 16, what is -9214a9 + 2?
-9214a7
In base 9, what is -3 + -15827273?
-15827276
In base 14, what is -cbc7 + -956?
-d73d
In base 3, what is -10 - -122202100100222221?
122202100100222211
In base 6, what is -42301 + 10022?
-32235
In base 4, what is -10111 - -12203323303?
12203313132
In base 10, what is 586 - 204300?
-203714
In base 8, what is 7323311 + -651?
7322440
In base 2, what is -10111111100001001 + 11101111?
-10111111000011010
In base 6, what is -2220312 - -3550?
-2212322
In base 11, what is -750 - -27928?
27188
In base 7, what is 20 - 164645560?
-164645540
In base 12, what is 2 + -23a3a630?
-23a3a62a
In base 6, what is -110 + 14313054?
14312544
In base 9, what is -4152 + -2101?
-6253
In base 10, what is -9171127 + -5?
-9171132
In base 10, what is -44 - 216213?
-216257
In base 4, what is -230333 - 1013220?
-1310213
In base 3, what is -22112202 - 120?
-22120022
In base 14, what is -10 + c3dac?
c3d9c
In base 9, what is 1203 - -150837?
152141
In base 6, what is 5221213 - 343?
5220